{"id":2,"date":"2022-02-02T03:00:24","date_gmt":"2022-02-02T03:00:24","guid":{"rendered":"https:\/\/dboratorio.tokyo\/catholicwords\/?page_id=2"},"modified":"2025-12-29T15:32:49","modified_gmt":"2025-12-29T06:32:49","slug":"sample-page","status":"publish","type":"page","link":"https:\/\/dboratorio.tokyo\/catholicwords\/?page_id=2","title":{"rendered":"Th\u01b0 Ng\u1ecf"},"content":{"rendered":"\n<p class=\"has-drop-cap has-text-color has-background has-medium-font-size\" style=\"background-color:#faf2c5;color:#1a06e1\">   L\u00e0 ng\u01b0\u1eddi C\u00f4ng gi\u00e1o \u0111ang sinh s\u1ed1ng, l\u00e0m vi\u1ec7c v\u00e0 sinh ho\u1ea1t t\u1ea1i Nh\u1eadt,  ch\u00fang ta r\u1ea5t quan t\u00e2m \u0111\u1ebfn vi\u1ec7c tham gia, \u0111\u00f3ng g\u00f3p v\u00e0o vi\u1ec7c x\u00e2y d\u1ef1ng gi\u00e1o x\u1ee9  \u0111\u1ecba ph\u01b0\u01a1ng. <br>   Nh\u01b0ng b\u1ee9c t\u01b0\u1eddng ng\u00f4n ng\u1eef l\u00e0m ch\u00fang ta ng\u1ea1i ph\u1ea7n \u0111\u00f3ng g\u00f3p v\u00e0 trao \u0111\u1ed5i v\u1edbi Gi\u00e1o x\u1ee9 \u0111\u1ecba ph\u01b0\u01a1ng. <br>   H\u1ef5 v\u1ecdng trang t\u1eeb v\u1ef1ng C\u00f4ng gi\u00e1o Vi\u1ec7t Nh\u1eadt gi\u00fap qu\u00fd v\u1ecb th\u00eam t\u1ef1 tin \u0111\u1ec3 tham gia c\u00e1c c\u1ed9ng vi\u1ec7c c\u1ee7a Gi\u00e1o h\u1ed9i \u0111\u1ecba ph\u01b0\u01a1ng m\u1ed9t c\u00e1ch thi\u1ebft th\u1ef1c h\u01a1n.<br><br>   \u79c1\u305f\u3061\u306f\u65e5\u672c\u306b\u4f4f\u307f\u3001\u50cd\u304d\u3001\u751f\u6d3b\u3057\u3066\u3044\u308b\u30ab\u30c8\u30ea\u30c3\u30af\u6559\u5f92\u3068\u3057\u3066\u3001\u5730\u5143\u306e\u6559\u4f1a\u306e\u767a\u5c55\u306b\u53c2\u52a0\u3057\u3001\u8ca2\u732e\u3059\u308b\u3053\u3068\u306b\u975e\u5e38\u306b\u8208\u5473\u3092\u6301\u3063\u3066\u3044\u307e\u3059\u3002<br>   \u3057\u304b\u3057\u3001\u8a00\u8a9e\u306e\u58c1\u304c\u3042\u3063\u3066\u3001\u79c1\u305f\u3061\u306f\u5730\u5143\u306e\u6559\u4f1a\u306b\u8ca2\u732e\u3057\u3001\u30b3\u30df\u30e5\u30cb\u30b1\u30fc\u30b7\u30e7\u30f3\u3059\u308b\u3053\u3068\u3092\u9060\u616e\u3057\u3066\u3057\u307e\u3044\u307e\u3059\u3002<br>   \u30ab\u30c8\u30ea\u30c3\u30af\u8a9e\u5f59\u306e\u30da\u30fc\u30b8\uff08\u30d9\u30c8\u30ca\u30e0\u8a9e\u3068\u65e5\u672c\u8a9e\uff09\u306b\u3088\u3063\u3066\u3001\u3088\u308a\u5b9f\u8df5\u7684\u306a\u65b9\u6cd5\u3067\u5730\u5143\u306e\u6559\u4f1a\u306e\u6d3b\u52d5\u306b\u53c2\u52a0\u3059\u308b\u81ea\u4fe1\u3092\u6df1\u3081\u308b\u306e\u306b\u5f79\u7acb\u3064\u3053\u3068\u3092\u9858\u3063\u3066\u3044\u307e\u3059\u3002<\/p>\n\n\n\n<p class=\"has-text-color has-background\" style=\"background-color:#f6f1c8;color:#2310e2\">Trang n\u00e0y \u0111\u01b0\u1ee3c b\u1eaft \u0111\u1ea7u b\u1edfi m\u1ed9t b\u1ea1n \u0111\u1ea7y l\u00f2ng nhi\u1ec7t huy\u1ebft mu\u1ed1n tham gia c\u00e1c c\u00f4ng vi\u1ec7c gi\u00e1o x\u1ee9 \u0111ia ph\u01b0\u01a1ng, b\u1ea1n n\u00f3i:<br><br>  &#8220;Con mu\u1ed1n bi\u1ebft c\u00e1c t\u1eeb v\u1ef1ng th\u01b0\u1eddng d\u00f9ng trong nh\u00e0 th\u1edd, Th\u00e1nh l\u1ec5 v\u00e0 trong Gi\u00e1o h\u1ed9i. C\u00e1c Tu s\u0129 Linh m\u1ee5c th\u00ec n\u1eb1m l\u00f2ng c\u00e1c t\u1eeb v\u1ef1ng \u0111\u00f3 r\u1ed3i. Nh\u01b0ng ph\u1ea7n con, m\u1ed9t gi\u00e1o d\u00e2n kh\u00f4ng c\u00f3 \u0111i\u1ec1u ki\u1ec7n \u0111\u1ec3 h\u1ecdc. Xin c\u00e1c Tu s\u0129 Linh m\u1ee5c chia s\u1ebb cho con nh\u1eefng t\u1eeb v\u1ef1ng \u0111\u00f3 \u0111\u1ec3 con c\u00f3 th\u1ec3 g\u00f3p ph\u1ea7n v\u00e0o gi\u00e1o x\u1ee9 con th\u01b0\u1eddng xuy\u00ean tham d\u1ef1 Th\u00e1nh l\u1ec5.&#8221;<br><br>\u3053\u306e\u30da\u30fc\u30b8\u306f\u3001\u5730\u5143\u306e\u6559\u4f1a\u3078\u306e\u5949\u4ed5\u3059\u308b\u60c5\u71b1\u7684\u306a\u53cb\u4eba\u306b\u3088\u3063\u3066\u59cb\u3081\u3089\u308c\u307e\u3057\u305f\u3002<br><br>\u300c\u79c1\u306f\u30ab\u30c8\u30ea\u30c3\u30af\u6559\u4f1a\u3001\u30df\u30b5\u3001\u305d\u3057\u3066\u6559\u4f1a\u3067\u4f7f\u308f\u308c\u3066\u3044\u308b\u8a00\u8449\u3092\u77e5\u308a\u305f\u3044\u306e\u3067\u3059\u3002\u53f8\u796d\u305f\u3061\u306f\u3059\u3067\u306b\u305d\u308c\u3089\u306e\u8a00\u8449\u3092\u77e5\u3063\u3066\u3044\u307e\u3059\u3002\u3057\u304b\u3057\u3001\u79c1\u3001\u7d20\u4eba\u306b\u306f\u52c9\u5f37\u3059\u308b\u30c1\u30e3\u30f3\u30b9\u304c\u3042\u308a\u307e\u305b\u3093\u3067\u3057\u305f\u3002\u79c1\u304c\u65e5\u66dc\u65e5\u306b\u30df\u30b5\u306b\u4e0e\u308b\u6559\u4f1a\u306b\u8ca2\u732e\u3067\u304d\u308b\u3088\u3046\u306b\u3001\u65e5\u672c\u8a9e\u306e\u30ab\u30c8\u30ea\u30c3\u30af\u7528\u8a9e\u3092\u79c1\u3068\u5171\u6709\u3057\u3066\u304f\u3060\u3055\u3044\u3002\u300d<\/p>\n\n\n\n<p class=\"has-text-color has-background\" style=\"background-color:#f3f6e9;color:#1223e9\">&#8230;T\u00f4i r\u1ea5t c\u1ea3m k\u00edch khi nghe ng\u01b0\u1eddi b\u1ea1n tr\u00ean thao th\u1ee9c v\u1ec1 vi\u1ec7c nh\u00e0 Chung. T\u1eeb \u0111\u00f3 t\u00f4i kh\u00f4ng c\u00f2n ng\u1ee7 n\u1eefa. C\u00e1m \u01a1n gi\u00e1o d\u00e2n \u0111\u1ea1o \u0111\u1ee9c \u0111\u00e3 \u0111\u00e1nh th\u1ee9c t\u00f4i.<br>\u2026\u4e0a\u8a18\u306e\u53cb\u4eba\u304b\u3089\u71b1\u5fc3\u306b\u6559\u4f1a\u3078\u306e\u5949\u4ed5\u3068\u95a2\u5fc3\u3092\u3082\u3063\u3066\u3044\u308b\u3053\u3068\u3092\u77e5\u3063\u3066\u3000\u308f\u305f\u3057\u306f\u76ee\u899a\u3081\u307e\u3057\u305f\u3002 \u305d\u308c\u4ee5\u6765\u3001\u79c1\u306f\u5bdd\u3066\u3044\u307e\u305b\u3093\u3002 \u79c1\u3092\u8d77\u3053\u3057\u3066\u304f\u308c\u305f\u656c\u8654\u306a\u53cb\u4eba\u306b\u611f\u8b1d\u3057\u307e\u3059\u3002<br><br>R\u1ea5t mong s\u1ef1 \u0111\u00f3ng g\u00f3p c\u1ee7a qu\u00fd v\u1ecb.<br>\u7686\u3055\u3093\u304b\u3089\u306e\u8ca2\u732e\u3092\u697d\u3057\u307f\u306b\u3057\u3066\u3044\u307e\u3059\u3002<\/p>\n\n\n\n<p class=\"has-black-color has-text-color has-background\" style=\"background-color:#ecf4f5\">02-02-2022 L\u1ec5 Ch\u00faa D\u00e2ng M\u00ecnh \/ 2022\u5e742\u67082\u65e5<br>dboratorio\u3000\u30c9\u30f3\u30fb\u30dc\u30b9\u30b3\u3000\u30aa\u30e9\u30c8\u30ea\u30aa<\/p>\n","protected":false},"excerpt":{"rendered":"<p>L\u00e0 ng\u01b0\u1eddi C\u00f4ng gi\u00e1o \u0111ang sinh s\u1ed1ng, l\u00e0m vi\u1ec7c v\u00e0 sin &#8230;<\/p>\n<p> <a class=\"continue-reading-link\" href=\"https:\/\/dboratorio.tokyo\/catholicwords\/?page_id=2\"><span>Continue reading<\/span><i class=\"crycon-right-dir\"><\/i><\/a> <\/p>\n","protected":false},"author":1,"featured_media":0,"parent":0,"menu_order":0,"comment_status":"closed","ping_status":"open","template":"","meta":[],"_links":{"self":[{"href":"https:\/\/dboratorio.tokyo\/catholicwords\/index.php?rest_route=\/wp\/v2\/pages\/2"}],"collection":[{"href":"https:\/\/dboratorio.tokyo\/catholicwords\/index.php?rest_route=\/wp\/v2\/pages"}],"about":[{"href":"https:\/\/dboratorio.tokyo\/catholicwords\/index.php?rest_route=\/wp\/v2\/types\/page"}],"author":[{"embeddable":true,"href":"https:\/\/dboratorio.tokyo\/catholicwords\/index.php?rest_route=\/wp\/v2\/users\/1"}],"replies":[{"embeddable":true,"href":"https:\/\/dboratorio.tokyo\/catholicwords\/index.php?rest_route=%2Fwp%2Fv2%2Fcomments&post=2"}],"version-history":[{"count":5,"href":"https:\/\/dboratorio.tokyo\/catholicwords\/index.php?rest_route=\/wp\/v2\/pages\/2\/revisions"}],"predecessor-version":[{"id":369,"href":"https:\/\/dboratorio.tokyo\/catholicwords\/index.php?rest_route=\/wp\/v2\/pages\/2\/revisions\/369"}],"wp:attachment":[{"href":"https:\/\/dboratorio.tokyo\/catholicwords\/index.php?rest_route=%2Fwp%2Fv2%2Fmedia&parent=2"}],"curies":[{"name":"wp","href":"https:\/\/api.w.org\/{rel}","templated":true}]}}