{"id":23,"date":"2022-02-03T10:11:31","date_gmt":"2022-02-03T01:11:31","guid":{"rendered":"https:\/\/dboratorio.tokyo\/catholicwords\/?page_id=23"},"modified":"2025-12-01T15:04:19","modified_gmt":"2025-12-01T06:04:19","slug":"misa","status":"publish","type":"page","link":"https:\/\/dboratorio.tokyo\/catholicwords\/?page_id=23","title":{"rendered":"Misa"},"content":{"rendered":"\n<figure class=\"wp-block-table is-style-regular\"><table><tbody><tr><td>Linh m\u1ee5c  ch\u1ee7 t\u1ebf<\/td><td>\u4e3b\u5f0f\u53f8\u796d<\/td><td>Shushiki shisai<\/td><td><\/td><\/tr><tr><td>Linh m\u1ee5c \u0111\u1ed3ng t\u1ebf<\/td><td>\u5171\u540c\u5f0f\u53f8\u796d<\/td><td>Kyoudou shiki shisai<\/td><td><\/td><\/tr><tr><td>Ng\u01b0\u1eddi gi\u00fap l\u1ec5<\/td><td>\u4f8d\u8005<\/td><td>Jisha<\/td><td>Altar server<\/td><\/tr><tr><td>Ng\u01b0\u1eddi \u0111\u1ecdc s\u00e1ch<\/td><td>\u6717\u8aad\u8005<\/td><td>Roudokusha<\/td><td><\/td><\/tr><tr><td>Ca \u0111o\u00e0n<\/td><td>\u8056\u6b4c\u968a<\/td><td>Seikatai<\/td><td>Choir<\/td><\/tr><tr><td>Ng\u01b0\u1eddi \u0111\u00e1nh nh\u1ecbp<\/td><td>\u6307\u63ee\u8005<\/td><td>Shikisha<\/td><td><\/td><\/tr><tr><td>Ca vi\u00ean<\/td><td>\u8056\u6b4c\u968a\u54e1<\/td><td>Seika taiin<\/td><td><\/td><\/tr><tr><td>Ng\u01b0\u1eddi x\u01b0\u1edbng kinh<\/td><td>\u5148\u5531\u8005<\/td><td>Senshousha<\/td><td><\/td><\/tr><tr><td>C\u1ed9ng \u0111o\u00e0n ph\u1ee5ng v\u1ee5<\/td><td>\u4f1a\u8846\u30fb\u53c2\u5217\u8005<\/td><td> Kaishuu\u30fbSanretsusha<\/td><td><\/td><\/tr><tr><td>B\u00e0i \u0111\u1ecdc l\u1eddi Ch\u00faa<\/td><td>\u6717\u8aad<\/td><td>Roudoku<\/td><td><\/td><\/tr><tr><td>Tin m\u1eebng\/ Ph\u00fac \u00e2m<\/td><td>\u798f\u97f3<\/td><td>Fukuin<\/td><td><\/td><\/tr><tr><td>Gi\u1ea3ng l\u1eddi Ch\u00faa<\/td><td>\u8aac\u6559<\/td><td>Sekkyou<\/td><td><\/td><\/tr><tr><td>L\u1eddi nguy\u1ec7n t\u00edn h\u1eefu<\/td><td>\u5171\u540c\u7948\u9858<\/td><td>Kyoudou kigan<\/td><td><\/td><\/tr><tr><td>D\u00e2ng l\u1ec5 v\u1eadt<\/td><td>\u5949\u7d0d<\/td><td>Hounou<\/td><td><\/td><\/tr><tr><td>B\u00e1nh l\u1ec5<\/td><td>\u30db\u30b9\u30c1\u30a2<\/td><td><\/td><td><\/td><\/tr><tr><td>Ch\u00e9n Th\u00e1nh<\/td><td>\u30ab\u30ea\u30b9<\/td><td><\/td><td><\/td><\/tr><tr><td>\u0110\u0129a Th\u00e1nh<\/td><td>\u30c1\u30dc\u30ea\u30a6\u30e0<\/td><td><\/td><td><\/td><\/tr><tr><td>T\u1ea5m d\u1eady<\/td><td>\u30d1\u30e9<\/td><td><\/td><td><\/td><\/tr><tr><td>M\u1eb7t nh\u1eadt<\/td><td>\u9855\u793a\u53f0<\/td><td>Kenji dai<\/td><td>Monstrace<\/td><\/tr><tr><td>\u0110\u00e8n<\/td><td>\u30e9\u30f3\u30d7<\/td><td><\/td><td><\/td><\/tr><tr><td>Kh\u0103n \u0111\u00e1<\/td><td>\u30b3\u30eb\u30dd\u30e9\u30fc\u30ec<\/td><td><\/td><td><\/td><\/tr><tr><td>Kh\u0103n lau ch\u00e9n th\u00e1nh<\/td><td>\u30d7\u30ea\u30d5\u30a3\u30ab\u30c8\u30ea\u30a6\u30e0<\/td><td><\/td><td><\/td><\/tr><tr><td>Kh\u0103n lau tay Linh m\u1ee5c<\/td><td>\u30de\u30cc\u30c6\u30eb\u30b8\u30a6\u30e0<\/td><td><\/td><td><\/td><\/tr><tr><td>S\u00e1ch l\u1ec5 Roma<\/td><td>\u30df\u30b5\u5178\u793c\u66f8 &nbsp; &nbsp;<\/td><td>Misa tenreisho<\/td><td><\/td><\/tr><tr><td>Kh\u0103n ph\u1ee7 b\u00e0n th\u1edd<\/td><td><\/td><td><\/td><td>Altar cloth<\/td><\/tr><tr><td><\/td><td><\/td><td><\/td><td><\/td><\/tr><tr><td><\/td><td><\/td><td><\/td><td><\/td><\/tr><\/tbody><\/table><figcaption>C\u00c1C V\u1eacT D\u1ee4NG TRONG NH\u00c0 TH\u1edc\u3000\/\u3000\u8056\u5802\u5185\u306e\u30a2\u30a4\u30c6\u30e0<\/figcaption><\/figure>\n\n\n\n<figure class=\"wp-block-table is-style-regular\"><table><tbody><tr><td>Cung th\u00e1nh<\/td><td>\u5185\u9663<\/td><td><\/td><\/tr><tr><td>B\u00e0n th\u1edd<\/td><td>\u796d\u58c7<\/td><td><strong>Altar<\/strong><\/td><\/tr><tr><td>B\u1ee5c \u0111\u1ecdc s\u00e1ch<\/td><td>\u6717\u8aad\u53f0<\/td><td><strong>Ambo<\/strong> or <strong>Lectern<\/strong><\/td><\/tr><tr><td>Nh\u00e0 T\u1ea1m<\/td><td>\u8056\u6ac3<\/td><td><strong>tabernacle<\/strong><\/td><\/tr><tr><td>\u0110\u00e8n ch\u1ed7 nh\u00e0 t\u1ea1m<\/td><td>\u8056\u6ac3\u30e9\u30f3\u30d7<\/td><td><\/td><\/tr><tr><td>To\u00e0 gi\u1ea3i t\u1ed9i <\/td><td> \u544a\u89e3\u6240\/\u544a\u89e3\u5ba4  \u00a0<\/td><td><\/td><\/tr><tr><td>S\u00e1ch th\u00e1nh ca<\/td><td>\u8056\u6b4c\u96c6<\/td><td><\/td><\/tr><tr><td>S\u00e1ch L\u1eddi Ch\u00faa<\/td><td>\u6717\u8aad\u8056\u66f8<\/td><td><\/td><\/tr><tr><td><\/td><td><\/td><td><\/td><\/tr><tr><td><\/td><td><\/td><td><\/td><\/tr><\/tbody><\/table><figcaption><a href=\"https:\/\/dboratorio.tokyo\/thanh-le-misa-nhat-viet\/\" target=\"_blank\" rel=\"noreferrer noopener\">Nghi th\u1ee9c Th\u00e1nh L\u1ec5 Misa Vi\u1ec7t-Nh\u1eadt. \u65e5\u672c\u8a9e\uff06\u8d8a\u5357\u8a9e\u30df\u30b5<\/a><br><\/figcaption><\/figure>\n\n\n\n<p><\/p>\n","protected":false},"excerpt":{"rendered":"<p>Linh m\u1ee5c ch\u1ee7 t\u1ebf \u4e3b\u5f0f\u53f8\u796d Shushiki shisai Linh m\u1ee5c \u0111\u1ed3ng &#8230;<\/p>\n<p> <a class=\"continue-reading-link\" href=\"https:\/\/dboratorio.tokyo\/catholicwords\/?page_id=23\"><span>Continue reading<\/span><i class=\"crycon-right-dir\"><\/i><\/a> <\/p>\n","protected":false},"author":1,"featured_media":0,"parent":0,"menu_order":0,"comment_status":"closed","ping_status":"closed","template":"","meta":[],"_links":{"self":[{"href":"https:\/\/dboratorio.tokyo\/catholicwords\/index.php?rest_route=\/wp\/v2\/pages\/23"}],"collection":[{"href":"https:\/\/dboratorio.tokyo\/catholicwords\/index.php?rest_route=\/wp\/v2\/pages"}],"about":[{"href":"https:\/\/dboratorio.tokyo\/catholicwords\/index.php?rest_route=\/wp\/v2\/types\/page"}],"author":[{"embeddable":true,"href":"https:\/\/dboratorio.tokyo\/catholicwords\/index.php?rest_route=\/wp\/v2\/users\/1"}],"replies":[{"embeddable":true,"href":"https:\/\/dboratorio.tokyo\/catholicwords\/index.php?rest_route=%2Fwp%2Fv2%2Fcomments&post=23"}],"version-history":[{"count":12,"href":"https:\/\/dboratorio.tokyo\/catholicwords\/index.php?rest_route=\/wp\/v2\/pages\/23\/revisions"}],"predecessor-version":[{"id":309,"href":"https:\/\/dboratorio.tokyo\/catholicwords\/index.php?rest_route=\/wp\/v2\/pages\/23\/revisions\/309"}],"wp:attachment":[{"href":"https:\/\/dboratorio.tokyo\/catholicwords\/index.php?rest_route=%2Fwp%2Fv2%2Fmedia&parent=23"}],"curies":[{"name":"wp","href":"https:\/\/api.w.org\/{rel}","templated":true}]}}