{"id":72,"date":"2025-11-07T09:44:19","date_gmt":"2025-11-07T00:44:19","guid":{"rendered":"https:\/\/dboratorio.tokyo\/kawahara\/?page_id=72"},"modified":"2025-11-08T07:29:19","modified_gmt":"2025-11-07T22:29:19","slug":"thong-bao","status":"publish","type":"page","link":"https:\/\/dboratorio.tokyo\/kawahara\/?page_id=72","title":{"rendered":"Th\u00f4ng Tin L\u1edbp Gi\u00e1o L\u00fd"},"content":{"rendered":"\n<pre class=\"wp-block-preformatted\">L\u1edbp gi\u00e1o l\u00fd D\u1ef1 T\u00f2ng &amp; H\u00f4n Nh\u00e2n:<br><br>Th\u1eddi gian h\u1ecdc: <br>12:00\uff5e13:45<br>Ch\u00faa Nh\u1eadt tu\u1ea7n th\u1ee9 T\u01b0 m\u1ed7i th\u00e1ng (l\u01b0u \u00fd: kh\u00f4ng ph\u1ea3i tu\u1ea7n cu\u1ed1i c\u1ee7a m\u1ed7i th\u00e1ng). <br>Th\u00e1ng 10 kh\u00f4ng c\u00f3 l\u1edbp v\u00ec nh\u00e0 th\u1edd c\u00f3 t\u1ed5 ch\u1ee9c \u30d0\u30b6\u30fc m\u1ed7i n\u0103m.<br><br>\u0110\u1ecba \u0111i\u1ec3m:<br>T\u00f2a nh\u00e0:  H\u1ed9i qu\u00e1n Maria (\u30de\u30ea\u30a2\u9928\u3001\u30de\u30ea\u30a2\u30db\u30fc\u30eb) <br>trong khu\u00f4n vi\u00ean nh\u00e0 Th\u1edd Nanzan. \u30ab\u30c8\u30ea\u30c3\u30af\u5357\u5c71\u6559\u4f1a.<br>\u0110\u1ecba ch\u1ec9: \u540d\u53e4\u5c4b\u5e02\u662d\u548c\u533a\u5357\u5c71\u753a\uff11<br><br>\u0110\u0103ng k\u00fd &amp; h\u1ecdc:<br>Tham gia h\u1ecdc b\u1ea5t c\u1ee9 l\u00fac n\u00e0o c\u0169ng \u0111\u01b0\u1ee3c. H\u1ecdc g\u1ed1i \u0111\u1ea7u \/ h\u1ecdc b\u1ecf \u1ed1ng.<br><br>C\u00f9ng nhau tham d\u1ef1 Th\u00e1nh L\u1ec5:<br>14:00\uff5e15:00 (Th\u00e1nh L\u1ec5 l\u00e0 1 ph\u1ea7n ch\u00ednh c\u1ee7a L\u1edbp h\u1ecdc)<br><br>D\u1ea1ng th\u1ee9c h\u1ecdc:<br>H\u1ecdc t\u1ea1i l\u1edbp.<br>H\u1ecdc theo Clip Video.<br>H\u1ecdc theo s\u00e1ch.<\/pre>\n\n\n\n<p><\/p>\n","protected":false},"excerpt":{"rendered":"<p>L\u1edbp gi\u00e1o l\u00fd D\u1ef1 T\u00f2ng &amp; H\u00f4n Nh\u00e2n:Th\u1eddi gian h\u1ecdc: 12:00\uff5e13:45Ch\u00faa Nh\u1eadt tu\u1ea7n th\u1ee9 T\u01b0 m\u1ed7i th\u00e1ng (l\u01b0u \u00fd: kh\u00f4ng ph\u1ea3 [&hellip;]<\/p>\n","protected":false},"author":1,"featured_media":0,"parent":0,"menu_order":0,"comment_status":"closed","ping_status":"closed","template":"","meta":{"footnotes":""},"class_list":["post-72","page","type-page","status-publish","hentry"],"_links":{"self":[{"href":"https:\/\/dboratorio.tokyo\/kawahara\/index.php?rest_route=\/wp\/v2\/pages\/72","targetHints":{"allow":["GET"]}}],"collection":[{"href":"https:\/\/dboratorio.tokyo\/kawahara\/index.php?rest_route=\/wp\/v2\/pages"}],"about":[{"href":"https:\/\/dboratorio.tokyo\/kawahara\/index.php?rest_route=\/wp\/v2\/types\/page"}],"author":[{"embeddable":true,"href":"https:\/\/dboratorio.tokyo\/kawahara\/index.php?rest_route=\/wp\/v2\/users\/1"}],"replies":[{"embeddable":true,"href":"https:\/\/dboratorio.tokyo\/kawahara\/index.php?rest_route=%2Fwp%2Fv2%2Fcomments&post=72"}],"version-history":[{"count":3,"href":"https:\/\/dboratorio.tokyo\/kawahara\/index.php?rest_route=\/wp\/v2\/pages\/72\/revisions"}],"predecessor-version":[{"id":128,"href":"https:\/\/dboratorio.tokyo\/kawahara\/index.php?rest_route=\/wp\/v2\/pages\/72\/revisions\/128"}],"wp:attachment":[{"href":"https:\/\/dboratorio.tokyo\/kawahara\/index.php?rest_route=%2Fwp%2Fv2%2Fmedia&parent=72"}],"curies":[{"name":"wp","href":"https:\/\/api.w.org\/{rel}","templated":true}]}}