{"id":96,"date":"2025-11-07T21:20:58","date_gmt":"2025-11-07T12:20:58","guid":{"rendered":"https:\/\/dboratorio.tokyo\/kawahara\/?page_id=96"},"modified":"2025-12-06T10:34:06","modified_gmt":"2025-12-06T01:34:06","slug":"giao-ly-co-ban-2","status":"publish","type":"page","link":"https:\/\/dboratorio.tokyo\/kawahara\/?page_id=96","title":{"rendered":"Gi\u00e1o L\u00fd C\u01a1 B\u1ea3n 2"},"content":{"rendered":"\n<ul class=\"wp-block-list\">\n<li>10-<a href=\"https:\/\/youtu.be\/RuOkSQ6kWDc\">THI\u00caN CH\u00daA M\u1ea0C KH\u1ea2I<\/a><\/li>\n<\/ul>\n\n\n\n<ul class=\"wp-block-list\">\n<li>11-<a href=\"https:\/\/youtu.be\/UzEJOzvn4AU\">GI\u00c1O H\u1ed8I VI\u1ec6T NAM<\/a><\/li>\n<\/ul>\n\n\n\n<ul class=\"wp-block-list\">\n<li>12-<a href=\"https:\/\/youtu.be\/bQcNN3Q-hMI\">THI\u00caN CH\u00daA T\u1ea0O D\u1ef0NG<\/a><\/li>\n<\/ul>\n\n\n\n<ul class=\"wp-block-list\">\n<li>13-<a href=\"https:\/\/youtu.be\/lKDWHdi9oL4\">CON NG\u01af\u1edcI SA NG\u00c3<\/a><\/li>\n<\/ul>\n\n\n\n<ul class=\"wp-block-list\">\n<li>14-<a href=\"https:\/\/youtu.be\/szsEoqTWwKI\">TIN M\u1eeaNG N\u01af\u1edaC TR\u1edcI<\/a><\/li>\n<\/ul>\n\n\n\n<ul class=\"wp-block-list\">\n<li>15-<a href=\"https:\/\/youtu.be\/VQQkZM4gMk8\">CH\u00daA GI\u00caSU BAN TH\u00c1NH TH\u1ea6N<\/a><\/li>\n<\/ul>\n\n\n\n<ul class=\"wp-block-list\">\n<li>16-<a href=\"https:\/\/youtu.be\/gZlSpsZl1uU\">THI\u00caN CH\u00daA L\u00c0M NG\u01af\u1edcI<\/a><\/li>\n<\/ul>\n\n\n\n<ul class=\"wp-block-list\">\n<li>17-<a href=\"https:\/\/youtu.be\/wybS_G138_Q\">CH\u00daA GI\u00caSU C\u1ee8U \u0110\u1ed8 NH\u00c2N LO\u1ea0I<\/a><\/li>\n<\/ul>\n\n\n\n<ul class=\"wp-block-list\">\n<li>18-<a href=\"https:\/\/youtu.be\/hVk1B0c2a0k\">M\u1ea6U NHI\u1ec6M CH\u00daA BA NG\u00d4I<\/a><\/li>\n<\/ul>\n\n\n\n<p><\/p>\n","protected":false},"excerpt":{"rendered":"","protected":false},"author":1,"featured_media":0,"parent":0,"menu_order":0,"comment_status":"closed","ping_status":"closed","template":"","meta":{"footnotes":""},"class_list":["post-96","page","type-page","status-publish","hentry"],"_links":{"self":[{"href":"https:\/\/dboratorio.tokyo\/kawahara\/index.php?rest_route=\/wp\/v2\/pages\/96","targetHints":{"allow":["GET"]}}],"collection":[{"href":"https:\/\/dboratorio.tokyo\/kawahara\/index.php?rest_route=\/wp\/v2\/pages"}],"about":[{"href":"https:\/\/dboratorio.tokyo\/kawahara\/index.php?rest_route=\/wp\/v2\/types\/page"}],"author":[{"embeddable":true,"href":"https:\/\/dboratorio.tokyo\/kawahara\/index.php?rest_route=\/wp\/v2\/users\/1"}],"replies":[{"embeddable":true,"href":"https:\/\/dboratorio.tokyo\/kawahara\/index.php?rest_route=%2Fwp%2Fv2%2Fcomments&post=96"}],"version-history":[{"count":4,"href":"https:\/\/dboratorio.tokyo\/kawahara\/index.php?rest_route=\/wp\/v2\/pages\/96\/revisions"}],"predecessor-version":[{"id":243,"href":"https:\/\/dboratorio.tokyo\/kawahara\/index.php?rest_route=\/wp\/v2\/pages\/96\/revisions\/243"}],"wp:attachment":[{"href":"https:\/\/dboratorio.tokyo\/kawahara\/index.php?rest_route=%2Fwp%2Fv2%2Fmedia&parent=96"}],"curies":[{"name":"wp","href":"https:\/\/api.w.org\/{rel}","templated":true}]}}